{"id":1778,"date":"2020-07-13T12:51:15","date_gmt":"2020-07-13T10:51:15","guid":{"rendered":"https:\/\/virtuo.sk\/?page_id=1778"},"modified":"2021-03-18T11:34:20","modified_gmt":"2021-03-18T10:34:20","slug":"strach-z-verejnych-priestorov-agorafobia","status":"publish","type":"page","link":"https:\/\/virtuo.sk\/en\/strach-z-verejnych-priestorov-agorafobia\/","title":{"rendered":"Agoraphobia \/ fear of public spaces"},"content":{"rendered":"<h2>What is agoraphobia?<\/h2>\n\n\n\n<p><em>Agoraphobia,<\/em> or fear of public spaces can be defined as an out-of-proportion concern about finding oneself in a situation, where it might be difficult to find an escape. Such anxiety can thus appear in various public places such as supermarkets, shopping malls, trams, trains, planes or airports. What makes this mental condition even more debilitating is that over time, people suffering from agoraphobia may find any public place \u2013 even an empty park or a quiet gallery \u2013 unbearably threatening. When not treated, even a short period of time spent outside of home can cause terrifying anxiety to those affected.<\/p>\n\n\n\n<p>What people with this condition fear most is to experience a sudden panic attack and to remain exposed to its devastating symptoms.<\/p>\n\n\n\n<h2>What are the causes of agoraphobia?<\/h2>\n\n\n\n<p>Similar to other anxiety disorders, the onset of agoraphobia is associated with various potential triggers. However, mental health experts around the world believe that the main cause of this disorder is an excessive fear of the physical and mental manifestations of anxiety, as well as the fear of loss of control or embarrassment. As a result, individuals with agoraphobia feel compelled to avoid potentially dangerous places, as they are terribly frightened by the idea of experiencing severe anxiety or a panic attack again.<\/p>\n\n\n\n<h2>How can agoraphobia be reduced?<\/h2>\n\n\n\n<p>At VIRTUO, we offer our clients a quick relief from their anxiety. We use the most effective methods supported by years of research and practice. By providing information about important processes in the human body and engaging innovative technology of virtual reality, we will help you enjoy your everyday life after just a few sessions.<\/p>\n\n\n\n<p>An important step on your new path to health is to realize that all physiological and psychological reactions in your body follow certain patterns. These patterns can be changed positively. Avoidant behavior is a habit that can be unlearned, too. In addition, you will acquire effective strategies that help you respond more calmly during unpleasant situations. Over the course of your sessions at VIRTUO, you gradually learn that anxiety-provoking situations are less dangerous than what they seem.<\/p>\n\n\n\n<p><span class=\"has-inline-color has-very-dark-gray-color\">Findings from scientific research confirm that the sooner the affected individuals begin treatment, the more likely they are to get rid of this condition permanently. <\/span><br><br><strong><a aria-label=\"undefined (opens in a new tab)\" href=\"https:\/\/virtuo.sk\/en\/#kontakt\" target=\"_blank\" rel=\"noreferrer noopener\"><span class=\"has-inline-color has-very-dark-gray-color\"><strong>Don\u2019t wait and get in touch now<\/strong>.<\/span><\/a><\/strong><span class=\"has-inline-color has-very-dark-gray-color\"> <\/span><\/p>","protected":false},"excerpt":{"rendered":"<p>Agoraphobia or fear of public spaces is an out-of-proportion fear about finding oneself in a situation from which escaping<\/p>","protected":false},"author":1,"featured_media":0,"parent":0,"menu_order":0,"comment_status":"closed","ping_status":"closed","template":"","meta":{"om_disable_all_campaigns":false,"_monsterinsights_skip_tracking":false,"_monsterinsights_sitenote_active":false,"_monsterinsights_sitenote_note":"","_monsterinsights_sitenote_category":0,"_uf_show_specific_survey":0,"_uf_disable_surveys":false,"pgc_sgb_lightbox_settings":""},"aioseo_notices":[],"yoast_head":"<!-- This site is optimized with the Yoast SEO plugin v20.6 - https:\/\/yoast.com\/wordpress\/plugins\/seo\/ -->\n<title>VIRTUO - Agoraf\u00f3bia \/ strach z\u00a0verejn\u00fdch priestorov<\/title>\n<meta name=\"robots\" content=\"index, follow, max-snippet:-1, max-image-preview:large, max-video-preview:-1\" \/>\n<link rel=\"canonical\" href=\"https:\/\/virtuo.sk\/en\/strach-z-verejnych-priestorov-agorafobia\/\" \/>\n<meta property=\"og:locale\" content=\"en_GB\" \/>\n<meta property=\"og:type\" content=\"article\" \/>\n<meta property=\"og:title\" content=\"VIRTUO - Agoraf\u00f3bia \/ strach z\u00a0verejn\u00fdch priestorov\" \/>\n<meta property=\"og:description\" content=\"Agoraf\u00f3bia alebo strach z verejn\u00fdch priestorov predstavuje neprimeran\u00e9 obavy, \u017ee sa postihnut\u00fd dostane do situ\u00e1cie\" \/>\n<meta property=\"og:url\" content=\"https:\/\/virtuo.sk\/en\/strach-z-verejnych-priestorov-agorafobia\/\" \/>\n<meta property=\"og:site_name\" content=\"VIRTUO\" \/>\n<meta property=\"article:publisher\" content=\"https:\/\/www.facebook.com\/VIRTUO-110604190736597\/\" \/>\n<meta property=\"article:modified_time\" content=\"2021-03-18T10:34:20+00:00\" \/>\n<meta property=\"og:image\" content=\"https:\/\/virtuo.sk\/wp-content\/uploads\/2020\/09\/Virtuo_Logo-SEO.jpg\" \/>\n\t<meta property=\"og:image:width\" content=\"1920\" \/>\n\t<meta property=\"og:image:height\" content=\"1080\" \/>\n\t<meta property=\"og:image:type\" content=\"image\/jpeg\" \/>\n<meta name=\"twitter:card\" content=\"summary_large_image\" \/>\n<meta name=\"twitter:label1\" content=\"Estimated reading time\" \/>\n\t<meta name=\"twitter:data1\" content=\"2 minutes\" \/>\n<script type=\"application\/ld+json\" class=\"yoast-schema-graph\">{\"@context\":\"https:\/\/schema.org\",\"@graph\":[{\"@type\":\"WebPage\",\"@id\":\"https:\/\/virtuo.sk\/en\/strach-z-verejnych-priestorov-agorafobia\/\",\"url\":\"https:\/\/virtuo.sk\/en\/strach-z-verejnych-priestorov-agorafobia\/\",\"name\":\"VIRTUO - Agoraf\u00f3bia \/ strach z\u00a0verejn\u00fdch priestorov\",\"isPartOf\":{\"@id\":\"https:\/\/virtuo.sk\/#website\"},\"datePublished\":\"2020-07-13T10:51:15+00:00\",\"dateModified\":\"2021-03-18T10:34:20+00:00\",\"breadcrumb\":{\"@id\":\"https:\/\/virtuo.sk\/en\/strach-z-verejnych-priestorov-agorafobia\/#breadcrumb\"},\"inLanguage\":\"en-GB\",\"potentialAction\":[{\"@type\":\"ReadAction\",\"target\":[\"https:\/\/virtuo.sk\/en\/strach-z-verejnych-priestorov-agorafobia\/\"]}]},{\"@type\":\"BreadcrumbList\",\"@id\":\"https:\/\/virtuo.sk\/en\/strach-z-verejnych-priestorov-agorafobia\/#breadcrumb\",\"itemListElement\":[{\"@type\":\"ListItem\",\"position\":1,\"name\":\"Home\",\"item\":\"https:\/\/virtuo.sk\/\"},{\"@type\":\"ListItem\",\"position\":2,\"name\":\"Agoraf\u00f3bia \/ strach z\u00a0verejn\u00fdch priestorov\"}]},{\"@type\":\"WebSite\",\"@id\":\"https:\/\/virtuo.sk\/#website\",\"url\":\"https:\/\/virtuo.sk\/\",\"name\":\"VIRTUO\",\"description\":\"Ambulancia klinickej psychol\u00f3gie\",\"publisher\":{\"@id\":\"https:\/\/virtuo.sk\/#organization\"},\"potentialAction\":[{\"@type\":\"SearchAction\",\"target\":{\"@type\":\"EntryPoint\",\"urlTemplate\":\"https:\/\/virtuo.sk\/?s={search_term_string}\"},\"query-input\":\"required name=search_term_string\"}],\"inLanguage\":\"en-GB\"},{\"@type\":\"Organization\",\"@id\":\"https:\/\/virtuo.sk\/#organization\",\"name\":\"VIRTUO\",\"url\":\"https:\/\/virtuo.sk\/\",\"logo\":{\"@type\":\"ImageObject\",\"inLanguage\":\"en-GB\",\"@id\":\"https:\/\/virtuo.sk\/#\/schema\/logo\/image\/\",\"url\":\"https:\/\/virtuo.sk\/wp-content\/uploads\/2020\/09\/plus.png\",\"contentUrl\":\"https:\/\/virtuo.sk\/wp-content\/uploads\/2020\/09\/plus.png\",\"width\":102,\"height\":102,\"caption\":\"VIRTUO\"},\"image\":{\"@id\":\"https:\/\/virtuo.sk\/#\/schema\/logo\/image\/\"},\"sameAs\":[\"https:\/\/www.facebook.com\/VIRTUO-110604190736597\/\",\"https:\/\/www.linkedin.com\/in\/martin-polak-a8589891\/\",\"https:\/\/www.instagram.com\/virtuo.sk\/\"]}]}<\/script>\n<!-- \/ Yoast SEO plugin. -->","yoast_head_json":{"title":"VIRTUO - Agoraf\u00f3bia \/ strach z\u00a0verejn\u00fdch priestorov","robots":{"index":"index","follow":"follow","max-snippet":"max-snippet:-1","max-image-preview":"max-image-preview:large","max-video-preview":"max-video-preview:-1"},"canonical":"https:\/\/virtuo.sk\/en\/strach-z-verejnych-priestorov-agorafobia\/","og_locale":"en_GB","og_type":"article","og_title":"VIRTUO - Agoraf\u00f3bia \/ strach z\u00a0verejn\u00fdch priestorov","og_description":"Agoraf\u00f3bia alebo strach z verejn\u00fdch priestorov predstavuje neprimeran\u00e9 obavy, \u017ee sa postihnut\u00fd dostane do situ\u00e1cie","og_url":"https:\/\/virtuo.sk\/en\/strach-z-verejnych-priestorov-agorafobia\/","og_site_name":"VIRTUO","article_publisher":"https:\/\/www.facebook.com\/VIRTUO-110604190736597\/","article_modified_time":"2021-03-18T10:34:20+00:00","og_image":[{"width":1920,"height":1080,"url":"https:\/\/virtuo.sk\/wp-content\/uploads\/2020\/09\/Virtuo_Logo-SEO.jpg","type":"image\/jpeg"}],"twitter_card":"summary_large_image","twitter_misc":{"Estimated reading time":"2 minutes"},"schema":{"@context":"https:\/\/schema.org","@graph":[{"@type":"WebPage","@id":"https:\/\/virtuo.sk\/en\/strach-z-verejnych-priestorov-agorafobia\/","url":"https:\/\/virtuo.sk\/en\/strach-z-verejnych-priestorov-agorafobia\/","name":"VIRTUO - Agoraf\u00f3bia \/ strach z\u00a0verejn\u00fdch priestorov","isPartOf":{"@id":"https:\/\/virtuo.sk\/#website"},"datePublished":"2020-07-13T10:51:15+00:00","dateModified":"2021-03-18T10:34:20+00:00","breadcrumb":{"@id":"https:\/\/virtuo.sk\/en\/strach-z-verejnych-priestorov-agorafobia\/#breadcrumb"},"inLanguage":"en-GB","potentialAction":[{"@type":"ReadAction","target":["https:\/\/virtuo.sk\/en\/strach-z-verejnych-priestorov-agorafobia\/"]}]},{"@type":"BreadcrumbList","@id":"https:\/\/virtuo.sk\/en\/strach-z-verejnych-priestorov-agorafobia\/#breadcrumb","itemListElement":[{"@type":"ListItem","position":1,"name":"Home","item":"https:\/\/virtuo.sk\/"},{"@type":"ListItem","position":2,"name":"Agoraf\u00f3bia \/ strach z\u00a0verejn\u00fdch priestorov"}]},{"@type":"WebSite","@id":"https:\/\/virtuo.sk\/#website","url":"https:\/\/virtuo.sk\/","name":"VIRTUO","description":"Ambulancia klinickej psychol\u00f3gie","publisher":{"@id":"https:\/\/virtuo.sk\/#organization"},"potentialAction":[{"@type":"SearchAction","target":{"@type":"EntryPoint","urlTemplate":"https:\/\/virtuo.sk\/?s={search_term_string}"},"query-input":"required name=search_term_string"}],"inLanguage":"en-GB"},{"@type":"Organization","@id":"https:\/\/virtuo.sk\/#organization","name":"VIRTUO","url":"https:\/\/virtuo.sk\/","logo":{"@type":"ImageObject","inLanguage":"en-GB","@id":"https:\/\/virtuo.sk\/#\/schema\/logo\/image\/","url":"https:\/\/virtuo.sk\/wp-content\/uploads\/2020\/09\/plus.png","contentUrl":"https:\/\/virtuo.sk\/wp-content\/uploads\/2020\/09\/plus.png","width":102,"height":102,"caption":"VIRTUO"},"image":{"@id":"https:\/\/virtuo.sk\/#\/schema\/logo\/image\/"},"sameAs":["https:\/\/www.facebook.com\/VIRTUO-110604190736597\/","https:\/\/www.linkedin.com\/in\/martin-polak-a8589891\/","https:\/\/www.instagram.com\/virtuo.sk\/"]}]}},"_links":{"self":[{"href":"https:\/\/virtuo.sk\/en\/wp-json\/wp\/v2\/pages\/1778"}],"collection":[{"href":"https:\/\/virtuo.sk\/en\/wp-json\/wp\/v2\/pages"}],"about":[{"href":"https:\/\/virtuo.sk\/en\/wp-json\/wp\/v2\/types\/page"}],"author":[{"embeddable":true,"href":"https:\/\/virtuo.sk\/en\/wp-json\/wp\/v2\/users\/1"}],"replies":[{"embeddable":true,"href":"https:\/\/virtuo.sk\/en\/wp-json\/wp\/v2\/comments?post=1778"}],"version-history":[{"count":5,"href":"https:\/\/virtuo.sk\/en\/wp-json\/wp\/v2\/pages\/1778\/revisions"}],"predecessor-version":[{"id":2869,"href":"https:\/\/virtuo.sk\/en\/wp-json\/wp\/v2\/pages\/1778\/revisions\/2869"}],"wp:attachment":[{"href":"https:\/\/virtuo.sk\/en\/wp-json\/wp\/v2\/media?parent=1778"}],"curies":[{"name":"wp","href":"https:\/\/api.w.org\/{rel}","templated":true}]}}

<!-- This site is optimized with the Yoast SEO plugin v20.6 - https://yoast.com/wordpress/plugins/seo/ -->
<title>VIRTUO - Agorafóbia / strach z verejných priestorov</title>
<meta name="robots" content="index, follow, max-snippet:-1, max-image-preview:large, max-video-preview:-1" />
<link rel="canonical" href="https://virtuo.sk/en/strach-z-verejnych-priestorov-agorafobia/" />
<meta property="og:locale" content="en_GB" />
<meta property="og:type" content="article" />
<meta property="og:title" content="VIRTUO - Agorafóbia / strach z verejných priestorov" />
<meta property="og:description" content="Agorafóbia alebo strach z verejných priestorov predstavuje neprimerané obavy, že sa postihnutý dostane do situácie" />
<meta property="og:url" content="https://virtuo.sk/en/strach-z-verejnych-priestorov-agorafobia/" />
<meta property="og:site_name" content="VIRTUO" />
<meta property="article:publisher" content="https://www.facebook.com/VIRTUO-110604190736597/" />
<meta property="article:modified_time" content="2021-03-18T10:34:20+00:00" />
<meta property="og:image" content="https://virtuo.sk/wp-content/uploads/2020/09/Virtuo_Logo-SEO.jpg" />
	<meta property="og:image:width" content="1920" />
	<meta property="og:image:height" content="1080" />
	<meta property="og:image:type" content="image/jpeg" />
<meta name="twitter:card" content="summary_large_image" />
<meta name="twitter:label1" content="Estimated reading time" />
	<meta name="twitter:data1" content="2 minutes" />
<script type="application/ld+json" class="yoast-schema-graph">{"@context":"https://schema.org","@graph":[{"@type":"WebPage","@id":"https://virtuo.sk/en/strach-z-verejnych-priestorov-agorafobia/","url":"https://virtuo.sk/en/strach-z-verejnych-priestorov-agorafobia/","name":"VIRTUO - Agorafóbia / strach z verejných priestorov","isPartOf":{"@id":"https://virtuo.sk/#website"},"datePublished":"2020-07-13T10:51:15+00:00","dateModified":"2021-03-18T10:34:20+00:00","breadcrumb":{"@id":"https://virtuo.sk/en/strach-z-verejnych-priestorov-agorafobia/#breadcrumb"},"inLanguage":"en-GB","potentialAction":[{"@type":"ReadAction","target":["https://virtuo.sk/en/strach-z-verejnych-priestorov-agorafobia/"]}]},{"@type":"BreadcrumbList","@id":"https://virtuo.sk/en/strach-z-verejnych-priestorov-agorafobia/#breadcrumb","itemListElement":[{"@type":"ListItem","position":1,"name":"Home","item":"https://virtuo.sk/"},{"@type":"ListItem","position":2,"name":"Agorafóbia / strach z verejných priestorov"}]},{"@type":"WebSite","@id":"https://virtuo.sk/#website","url":"https://virtuo.sk/","name":"VIRTUO","description":"Ambulancia klinickej psychológie","publisher":{"@id":"https://virtuo.sk/#organization"},"potentialAction":[{"@type":"SearchAction","target":{"@type":"EntryPoint","urlTemplate":"https://virtuo.sk/?s={search_term_string}"},"query-input":"required name=search_term_string"}],"inLanguage":"en-GB"},{"@type":"Organization","@id":"https://virtuo.sk/#organization","name":"VIRTUO","url":"https://virtuo.sk/","logo":{"@type":"ImageObject","inLanguage":"en-GB","@id":"https://virtuo.sk/#/schema/logo/image/","url":"https://virtuo.sk/wp-content/uploads/2020/09/plus.png","contentUrl":"https://virtuo.sk/wp-content/uploads/2020/09/plus.png","width":102,"height":102,"caption":"VIRTUO"},"image":{"@id":"https://virtuo.sk/#/schema/logo/image/"},"sameAs":["https://www.facebook.com/VIRTUO-110604190736597/","https://www.linkedin.com/in/martin-polak-a8589891/","https://www.instagram.com/virtuo.sk/"]}]}</script>
<!-- / Yoast SEO plugin. -->

VIRTUO - Agorafóbia / strach z verejných priestorov

Agorafóbia alebo strach z verejných priestorov predstavuje neprimerané obavy, že sa postihnutý dostane do situácie

Agorafóbia / strach z verejných priestorov

Ambulancia klinickej psychológie
